3497 prime?
True
Is 447641 a prime number?
True
Is 1452561469 a prime number?
True
Is 15014765 composite?
True
Is 1024229 composite?
True
Is 12270367 prime?
True
Is 1842121 prime?
False
Is 85790174 a composite number?
True
Is 43628251 a prime number?
False
Is 7914713 a composite number?
False
Is 11749 prime?
False
Is 18812719 composite?
True
Is 934391 a composite number?
True
Is 1780847 a composite number?
True
Is 465751721 a composite number?
False
Is 253154357 a composite number?
False
Is 87494326 a prime number?
False
Is 6128683 a composite number?
True
Is 2783431 prime?
False
Is 4254697 a composite number?
True
Is 6786037 prime?
True
Is 9210529 composite?
True
Is 10036309 composite?
False
Is 1879942 composite?
True
Is 2040137 prime?
False
Is 5462497 a prime number?
True
Is 246469 prime?
True
Is 18270641 prime?
True
Is 490614689 composite?
False
Is 159508927 a composite number?
False
Is 3309991 composite?
False
Is 35625239 composite?
True
Is 3420481 a composite number?
False
Is 65843623 a composite number?
False
Is 106078989 prime?
False
Is 97257889 a composite number?
True
Is 1115057 prime?
True
Is 3234481 composite?
False
Is 470149 composite?
False
Is 3973201 a composite number?
True
Is 279778283 composite?
True
Is 1614287 composite?
True
Is 631349 prime?
False
Is 18683723 prime?
True
Is 152634971 composite?
False
Is 229319359 a composite number?
True
Is 3710597 composite?
True
Is 29665367 a composite number?
False
Is 152140517 a composite number?
True
Is 2274641 composite?
False
Is 41904181 a prime number?
False
Is 3043943 prime?
False
Is 1556263 a prime number?
True
Is 16506557 composite?
False
Is 3096377 a composite number?
False
Is 60912701 a prime number?
True
Is 7518202 a composite number?
True
Is 38934107 a prime number?
False
Is 97009217 composite?
True
Is 5894157 a composite number?
True
Is 246011 composite?
False
Is 5837759 composite?
True
Is 834487 prime?
True
Is 1321453 composite?
True
Is 8288011 composite?
False
Is 53418887 a composite number?
False
Is 1193011 a prime number?
True
Is 492377 a composite number?
False
Is 1033723 composite?
True
Is 59234653 prime?
True
Is 20366483 a prime number?
True
Is 82980301 a composite number?
False
Is 4447951 composite?
True
Is 5944733 composite?
True
Is 655783 prime?
False
Is 1347637 composite?
False
Is 20137723 composite?
False
Is 26640247 composite?
False
Is 81359738 a prime number?
False
Is 69250177 a composite number?
False
Is 25674457 prime?
False
Is 4479121 prime?
True
Is 2120071 prime?
False
Is 12285626 prime?
False
Is 1270001 composite?
False
Is 28062403 prime?
True
Is 4060037 a composite number?
False
Is 12638621 a composite number?
False
Is 10632695 prime?
False
Is 14941 prime?
False
Is 5753051 composite?
False
Is 91190591 a prime number?
False
Is 58186819 prime?
False
Is 232016287 prime?
True
Is 32134711 composite?
True
Is 1426553 composite?
False
Is 4803467 prime?
True
Is 364864229 prime?
False
Is 4159723 a prime number?
True
Is 147134647 prime?
False
Is 7145067 a prime number?
False
Is 75191999 a prime number?
True
Is 49068839 prime?
True
Is 18133877 prime?
True
Is 151850901 prime?
False
Is 17559901 a prime number?
False
Is 85444265 prime?
False
Is 20016401 a composite number?
True
Is 2439487 composite?
False
Is 22876709 a composite number?
True
Is 9554603 a prime number?
False
Is 32243657 composite?
False
Is 19193387 prime?
False
Is 153641 prime?
True
Is 188356661 a prime number?
True
Is 2400503 a composite number?
True
Is 2453987 composite?
True
Is 924329 prime?
False
Is 8282357 prime?
True
Is 25958603 a prime number?
False
Is 801191 a composite number?
True
Is 9761987 prime?
True
Is 29724659 a prime number?
True
Is 19623154 prime?
False
Is 45339647 a prime number?
False
Is 50248253 a composite number?
True
Is 28313371 a composite number?
False
Is 94673959 a composite number?
True
Is 22642801 a composite number?
True
Is 55073069 a composite number?
False
Is 4102801 a prime number?
False
Is 4401129 composite?
True
Is 10661897 composite?
False
Is 15957247 prime?
True
Is 13601233 prime?
False
Is 132629303 a composite number?
True
Is 25109213 a composite number?
True
Is 384854077 a composite number?
False
Is 2800037 composite?
True
Is 14218342 a composite number?
True
Is 4151 a composite number?
True
Is 2658311 composite?
True
Is 3910103 composite?
True
Is 455454353 composite?
False
Is 83008399 prime?
False
Is 41856671 prime?
False
Is 2789993 a composite number?
False
Is 5025959 prime?
True
Is 3680447 a composite number?
True
Is 1381181 prime?
False
Is 17679563 composite?
True
Is 10539499 a composite number?
True
Is 804035 composite?
True
Is 1425007 a composite number?
False
Is 266645137 composite?
True
Is 26199769 composite?
False
Is 291129551 a prime number?
True
Is 1359767 composite?
True
Is 6635557 a composite number?
True
Is 325024727 a prime number?
True
Is 14758169 a prime number?
True
Is 148031573 a prime number?
False
Is 128020735 a composite number?
True
Is 898661 a composite number?
False
Is 29505857 prime?
True
Is 125497457 a prime number?
True
Is 294731189 prime?
False
Is 6982687 a prime number?
False
Is 458713 a prime number?
False
Is 75852415 a composite number?
True
Is 142953989 a prime number?
False
Is 3075577 prime?
True
Is 830873 a composite number?
False
Is 1256371 a composite number?
True
Is 5748463 composite?
True
Is 7254389 a prime number?
True
Is 30377689 prime?
False
Is 30981441 prime?
False
Is 7660271 a composite number?
False
Is 6381031 a composite number?
False
Is 332926031 a composite number?
True
Is 2993878 composite?
True
Is 34299569 composite?
False
Is 4306373 a prime number?
True
Is 139753751 composite?
False
Is 29427023 composite?
False
Is 24222469 prime?
True
Is 4874423 prime?
False
Is 473171 a composite number?
True
Is 16262887 prime?
True
Is 11706407 a composite number?
False
Is 6614723 composite?
True
Is 9042289 a prime number?
False
Is 68536157 prime?
True
Is 9047987 composite?
True
Is 1199051 a prime number?
False
Is 304933 a composite number?
False
Is 5811591 a prime number?
False
Is 615789109 a prime number?
False
Is 3218749 prime?
True
Is 5328831 prime?
False
Is 173341043 prime?
False
Is 38833 prime?
True
Is 32716867 prime?
True
Is 650179 a composite number?
False
Is 4997271 composite?
True
Is 727843 a prime number?
True
Is 70305509 a composite number?
False
Is 168040163 a composite number?
False
Is 3672827 a composite number?
False
Is 1522259 a prime number?
False
Is 4189403 prime?
True
Is 58678027 composite?
True
Is 135749881 a prime number?
True
Is 3395849 a prime number?
False
Is 11405 composite?
True
Is 1771543 composite?
False
Is 566617 prime?
True
Is 1168619 prime?
True
Is 2071981 prime?
False
Is 5732917 a prime number?
True
Is 74477873 prime?
True
Is 786127 composite?
False
Is 492410829 a composite number?
True
Is 48603103 a composite number?
False
Is 16019563 prime?
False
Is 17478415 a composite number?
True
Is 10765361 a composite number?
False
Is 38939 prime?
False
Is 52431337 prime?
False
Is 45627313 a prime number?
False
Is 2840627 a prime number?
True
Is 528221 prime?
False
Is 30680957 composite?
False
Is 60209 a composite number?
False
Is 51919727 a composite number?
False
Is 32981693 a prime number?
True
Is 366370973 a prime number?
False
Is 448249 a composite number?
False
Is 47730797 prime?
True
Is 10234271 prime?
True
Is 47571619 a prime number?
True
Is 48789449 prime?
True
Is 8997047 a prime number?
False
Is 108593663 prime?
True
Is 57982289 composite?
False
Is 53989589 composite?
False
Is 12457301 composite?
False
Is 1080073 a composite number?
False
Is 13220351 prime?
True
Is 11508421 prime?
False
Is 719557 a prime number?
True
Is 2690741 prime?
False
Is 1230791 prime?
True
Is 1725593 a composite number?
False
Is 4019063 composite?
False
Is 1959823 composite?
True
Is 2875841 prime?
False
Is 151875019 prime?
False
Is 125042017 a prime number?
False
Is 135032917 prime?
True
Is 3101537 a composite number?
False
Is 109291537 composite?
True
Is 53671187 prime?
True
Is 33254311 composite?
True
Is 804607 a prime number?
True
Is 43527607 composite?
True
Is 2215463 a prime number?
True
Is 20188461 a prime number?
False
Is 135712799 prime?
True
Is 87925733 prime?
False
Is 64033171 a prime number?
True
Is 6990573 a com